osite?
False
Let m(l) = -20*l - 72. Let i be m(-4). Is 17663 + (-1 - -1)/i composite?
True
Let q(m) = 31*m**2 + 38*m + 71. Let x be q(-2). Suppose 3*i - 6 - 19 = -5*t, -3*t - i = -11. Suppose 0 = -l + t*l - x. Is l a composite number?
True
Let g(f) be the second derivative of -39*f**3 + 23*f**2/2 - 3737*f. Let n = -7 + 5. Is g(n) a composite number?
False
Suppose -i - 5*n = 4*i + 23610, -3*n - 23606 = 5*i. Let g = -2567 - i. Is g prime?
True
Let s(z) = 322904*z**2 + 588*z - 586. Is s(1) composite?
True
Suppose -3*w + 3*m - 449 = -5*w, 222 = w + m. Suppose 2*f - f - 4*n = 185, -w = -f - 4*n. Is f composite?
True
Let o(b) be the second derivative of 361*b**3/6 - 13*b. Let s be o(-5). Let w = 1782 - s. Is w prime?
False
Let n = -27 - -45. Suppose 11*k = n + 15. Suppose 0 = k*j - 1160 - 79. Is j a prime number?
False
Let m(s) = -64*s - 31. Suppose 4*c - 189 = -i, 0*c + 3*i = c - 57. Let d = c + -64. Is m(d) composite?
True
Let m(p) = -2*p**3 + 16*p**2 - 10*p - 24. Let o be m(7). Is (9*-17 + o)/((-5)/55) a composite number?
True
Is (-12602870)/(-100) - (-45)/150 composite?
True
Let s(m) = -135126*m - 2281. Is s(-18) prime?
False
Let m(l) = 3*l**3 + 2*l**2 - l. Let t be m(1). Let c = 8243 + -7915. Suppose t*u - 3*b = c, -3*u + 2*b + 164 = -u. Is u a composite number?
True
Suppose -4*m = -l + 2*l - 284634, 0 = 4*m - 4*l - 284604. Is m composite?
True
Suppose 2*n + 228167 = 2*w + 907801, 5*n - 2*w - 1699103 = 0. Is n composite?
True
Let i(f) = 3*f**3 - 2*f**2 - 8*f + 3. Let y be i(5). Suppose -3*v = -9*v + y. Let k = v - -1. Is k prime?
False
Let u(x) = x**3 - 3*x**2 - 22*x + 46. Let f be u(6). Suppose 5*d - d = 4*b + 48, 5*d + 8 = b. Is (-4)/(-22) + b/f*-542 composite?
False
Suppose -3*z = 4*h + 37095, -3*h + 4*h = 2*z + 24730. Let p = z - -18076. Is p a prime number?
True
Let s = -685 - -1427. Let d = 2945 - s. Is d a composite number?
False
Suppose -87*l = 6*l - 16981097 - 3928186. Is l composite?
False
Let m(f) = 109*f**2 + 6*f - 30. Let x = -574 + 567. Is m(x) a prime number?
False
Let j be ((-234)/(-13) - 6)*(-2)/(-6). Suppose j*i + 5*g = 32061, -i + 5*g + 7434 + 550 = 0. Is i a prime number?
True
Let c be (108/(-45))/(2/(-10)). Let j(v) = 335*v**2 - 23*v + 77. Is j(c) a composite number?
True
Let k(c) = c**3 + 70*c**2 - 73*c + 69. Is k(-44) composite?
False
Let y = -28944 + 30395. Is y a prime number?
True
Suppose 0 = -2*i + 4*l + 38722, -9*i + 6*i + 58083 = 3*l. Is i composite?
True
Let q be (-6)/(-8) - (-78)/24. Let z be (-5 + q)*(-15 - -2). Suppose z*a - 7032 = 1067. Is a a composite number?
True
Let h(a) be the second derivative of -65*a**3/6 + a**2 + 30*a + 1. Let p be (-2)/8 + 18/(-24). Is h(p) prime?
True
Suppose -5*g + 5727 = 2*y - 1482, -4*g + 5768 = 2*y. Suppose 0 = 3*c + 3*t - 4305, 8*c = 9*c - t - g. Is c a composite number?
True
Suppose 0 = -3*a - 52 + 67. Let z(o) = 12*o**3 - 8*o**2 + 12*o - 5. Is z(a) prime?
False
Is (88608 - 1)/(-18 - -19) composite?
False
Is (((-4)/(-20))/(9/(-159990)))/((-2)/3) a composite number?
False
Suppose 1018857 = -151*r + 154*r. Is 1 + 6/(-4) - r/(-58) prime?
False
Suppose m - 3*m = -22. Let g(k) = 2*k**3 - 8*k - 371*k**2 - 27 + 370*k**2 + k**3 + 32*k. Is g(m) a prime number?
False
Suppose 71*x = 79*x - 496312. Is x prime?
True
Suppose -670*h = -669*h - 53759. Is h prime?
True
Suppose 2*r - 11*r + 18 = 0. Is (r + -1)/((-6)/(-1938)) prime?
False
Let k be (-12)/54 - (-306820)/45. Suppose -3*z + k = -16327. Is z prime?
False
Let t = 108 - 109. Is ((-40)/10)/(-4) + (729 - t) prime?
False
Let a be 65/(-20) - -4 - 17/(-4). Let p be (-4)/(-2) - (-4 + -329). Suppose p = -a*d + 1390. Is d a composite number?
False
Is 35943 + 18 + 10 + -14 prime?
False
Let n be 4/3*3/2. Let x(t) be the second derivative of 6*t**5/5 + t**4/2 - t**3/3 - t**2/2 + 2*t - 23. Is x(n) composite?
False
Let c = -15422 + 8145. Let m = 11980 + c. Is m a prime number?
True
Is (-164728707)/(-169) + (-7)/(2 - -89) composite?
True
Let v = -45 + 57. Suppose 0*a = a + v. Let s(i) = -78*i - 29. Is s(a) composite?
False
Suppose -454 = 11*r - 476. Is r/(-4)*(-14081 - 21) composite?
True
Let q(s) = -15008*s + 55. Is q(-21) prime?
True
Let w = -192 - -207. Suppose 8*y + 35553 = w*y. Is y a composite number?
True
Let d(x) = -x**3 + 103*x**2 - 340*x + 213. Is d(88) a composite number?
False
Let o(d) = 114*d**2 - 46*d - 51. Is o(20) prime?
False
Let s be 2/(-7) - 834/21. Let k = s - -45. Suppose 2608 = k*h - w, -3*h + 1560 = 4*w - 3*w. Is h a prime number?
True
Is (-17 + 16)*(9/(-3) + -10946) composite?
False
Suppose -2*o - 6889 = -s + 3947, 2*o - 32516 = -3*s. Suppose 5*k - 28*t = -25*t + 18068, -3*k - t = -s. Is k a composite number?
False
Let s(q) = 4*q**3 - 7*q**2 + 14*q - 186. Is s(7) prime?
True
Suppose -3*b + 1 = -8, 4*r = b + 13. Suppose -z - 156 = -5*m - 2, -r*z - 46 = -m. Is 10/m + 760/6 prime?
True
Is 88787 - 8/14*(-77)/(-11) a composite number?
True
Is 38/437 + (-15303680)/(-161) composite?
True
Let v = 42 + -70. Let c be 0/((32/v)/4*-7). Suppose c*d = 4*d - 1012. Is d a prime number?
False
Let v be (-1270656)/(-9) + 3 + 0 + -1. Suppose -47*b = -53*b + v. Is b a prime number?
True
Let n(j) = 14*j + 42. Let k be n(-7). Let h be 2*20/k - 2/7. Is (-11883)/(-2 + h) - 2 prime?
False
Let j(b) = 257*b + 63. Let v(y) = -y**2 - 10*y - 15. Let o be v(-3). Let i be j(o). Suppose -14*c = -11*c - i. Is c a prime number?
False
Suppose b = -112 + 116. Suppose 0 = b*d - 3*m - 6941, 4*d - 6*m - 6947 = -m. Is d composite?
False
Suppose -q = z - 6, 3*q + 66*z = 70*z + 32. Is q/((-16)/(-10)) + (2 - -13038) prime?
False
Let f be -2 + 67 - 0/1. Suppose -5*m - 20 = 0, p + 4*m - 270 = -f. Suppose -249 = -5*a + p. Is a prime?
False
Let z(u) = 33 + 6*u + 68*u + 30*u. Let f = -22998 + 23006. Is z(f) a composite number?
True
Let p(k) = -281*k - 344. Let m be p(-13). Let c = m + -1075. Is c composite?
True
Suppose -20 + 62 = -6*h. Is 7526/(5*((-70)/25)/h) a composite number?
True
Suppose h = 3*c + 1 - 8, 3*c = 5*h + 11. Is (2/(-6))/((-6)/(-81630)*h) a prime number?
False
Suppose 0 = 2*n + 10, 2*b + 3*n = -0*b - 4463. Let s be (-16 - (4 + -1))*81. Let i = s - b. Is i prime?
False
Let p(r) = 1018*r + 11. Let d(n) = -1018*n - 10. Let b(t) = -t - 6. Let w be b(-9). Let z(c) = w*p(c) + 4*d(c). Is z(-3) composite?
True
Suppose -3*k + 16 = -2*p, 2*p + 4*k - 8 = -2*p. Is (-851)/((12 - 11) + 0 + p) a prime number?
False
Let s(j) = -30*j**3 + 10*j + 10. Let w be s(-4). Suppose 1270 = 2*k + 2*i, -5*k - i = -w - 1285. Is 3 + -1 + -6 + k a prime number?
True
Let k(m) = -3*m**3 + 22*m**2 + 44*m + 18. Is k(-7) a composite number?
True
Suppose 0 = -4*n - 6705 + 25445. Suppose -3*h + n = 671. Let u = h + -653. Is u a composite number?
True
Let v(n) be the third derivative of 223*n**5/30 + 13*n**4/8 - 3*n**3 - 205*n**2. Is v(7) prime?
True
Let t(d) = 28 - 16 - 329*d - 24. Is t(-5) a composite number?
True
Let v(c) = c**2 + 35*c + 2. Let m be v(17). Let i = 1987 - m. Is i a composite number?
True
Let c(n) = 2*n - 25. Let b be c(17). Suppose b*u + 89263 = 32*u. Is u a prime number?
True
Let u(l) = l**2 + 17*l + 32. Let m be u(-16). Suppose -m = 5*f - 1. Is (-6 + -20)*(51/2)/f composite?
True
Let q(c) = 2*c + 29. Let l be q(-10). Let u(p) = -34*p + 17. Let w(y) = 137*y - 67. Let h(f) = l*u(f) + 2*w(f). Is h(-6) a prime number?
True
Suppose 2*s = 2*b + 6196 - 390, 4*s + b - 11622 = 0. Let m = -326 + s. Is m a prime number?
True
Let v be ((-2)/2)/((-10)/(-20)). Let p be (-4)/4 - (v + 1). Suppose -3*g + p*g + 777 = 0. Is g a prime number?
False
Let a = -52 + 55. Is a/6*(5 + 422 + -5) composite?
False
Is ((-22)/33)/((-12)/849402) a prime number?
True
Suppose -4*o = 4*o - 16. Suppose o*k = -2*h + 5*k + 4123, 2*h + k = 4127. Is h a prime number?
True
Suppose -12*b - 5*b = -221. Suppose 17 = -4*o + b. Is (-67968)/(-27) + o/3 a composite number?
True
Let y be (108/(-15))/(51/(-340)). Suppose y*s = 59*s - 2453. Is s a composite number?
False
Suppose 5*b + 5*l + 31 = 6, 5*l = b - 25. Suppose v - 1 = -b. Is (v - 1) + -1 + 2856/14 prime?
False
Let n = 365 - 440. Let o = n + 706. Is o prime?
True
Let t be 115854/(-72) + (-3)/(-36). Suppose -2*s + 5*s + 216 = 0. Let g = s - t. Is g prime?
False
Suppose -5*r = -1817 - 1893. Is ((-23)/(-23))/(2/r) a prime number?
False
Suppose -23*f - 8*f - 248 = 0. I